r of 1541623 and 71.
71
What is the greatest common factor of 7 and 86443?
7
What is the highest common divisor of 1022 and 164250?
146
What is the greatest common divisor of 62 and 7727246?
62
What is the highest common factor of 1006561 and 15921?
1769
What is the highest common divisor of 481 and 4511?
13
What is the greatest common factor of 599937 and 78?
39
What is the highest common divisor of 452 and 296738?
226
What is the highest common divisor of 4525 and 675?
25
Calculate the greatest common factor of 545 and 904373.
109
What is the greatest common factor of 1905 and 191770?
635
What is the highest common factor of 65746 and 2059?
71
What is the greatest common factor of 1985 and 14292?
397
Calculate the highest common divisor of 50165 and 1580.
395
Calculate the highest common factor of 17534 and 198.
22
Calculate the highest common divisor of 702 and 53703.
351
What is the greatest common factor of 217136 and 12?
4
Calculate the highest common divisor of 302 and 262589.
151
What is the greatest common factor of 97790 and 14732?
254
Calculate the greatest common divisor of 36894 and 302874.
858
What is the highest common factor of 1328327 and 9009?
1001
Calculate the highest common divisor of 56952 and 175.
7
What is the highest common factor of 43351 and 12551?
77
What is the greatest common divisor of 28060 and 5290?
230
Calculate the highest common divisor of 30570 and 210.
30
Calculate the greatest common factor of 198 and 96129.
99
Calculate the greatest common divisor of 25 and 265325.
25
What is the greatest common factor of 576 and 318672?
144
What is the highest common factor of 67128 and 168?
24
What is the highest common divisor of 1688 and 31439?
211
What is the highest common factor of 2275 and 3315?
65
Calculate the greatest common factor of 2288 and 190320.
208
Calculate the greatest common divisor of 1248 and 61360.
208
Calculate the greatest common divisor of 33 and 167970.
33
What is the highest common divisor of 2236 and 320?
4
What is the highest common factor of 903 and 387?
129
What is the greatest common factor of 79024 and 1936?
176
What is the greatest common divisor of 27838 and 62?
62
Calculate the greatest common factor of 404 and 4345626.
202
What is the greatest common factor of 6 and 97491?
3
Calculate the highest common factor of 42 and 46578.
42
Calculate the greatest common factor of 49818 and 19.
19
Calculate the highest common factor of 930 and 215295.
465
Calculate the highest common factor of 60 and 120810.
30
What is the greatest common divisor of 3546 and 10441?
197
Calculate the highest common factor of 261684 and 432.
108
Calculate the highest common divisor of 51948 and 780.
156
What is the greatest common divisor of 13858 and 146042?
1066
What is the greatest common factor of 1265 and 19195?
55
Calculate the highest common factor of 7744 and 1694.
242
What is the highest common divisor of 5 and 5965?
5
Calculate the greatest common divisor of 6215 and 32582.
11
What is the highest common factor of 500 and 4850?
50
What is the greatest common divisor of 34049 and 8620?
431
What is the greatest common factor of 7800 and 70800?
600
Calculate the greatest common divisor of 2665 and 492.
41
Calculate the greatest common factor of 426 and 108772.
142
Calculate the highest common divisor of 3598 and 206114.
514
Calculate the highest common divisor of 2039049 and 1278.
639
What is the highest common factor of 1014369 and 7015?
1403
What is the highest common factor of 99 and 12540?
33
What is the highest common divisor of 12 and 162734?
2
What is the greatest common factor of 156 and 103038?
78
Calculate the highest common factor of 624 and 3984.
48
Calculate the highest common factor of 1614 and 193142.
538
Calculate the highest common factor of 20920 and 800.
40
What is the highest common divisor of 399 and 285627?
57
Calculate the highest common divisor of 78433 and 205.
41
What is the highest common divisor of 2114 and 601433?
1057
What is the greatest common factor of 42966 and 2394?
126
What is the highest common divisor of 703 and 15614?
37
Calculate the highest common divisor of 2890 and 2312.
578
What is the highest common factor of 115058 and 2?
2
Calculate the highest common factor of 35001 and 9.
9
What is the greatest common factor of 100696 and 82?
82
Calculate the highest common divisor of 132 and 616.
44
Calculate the highest common factor of 10840 and 3560.
40
What is the greatest common factor of 577707 and 39?
39
What is the highest common factor of 174 and 18531?
87
Calculate the greatest common factor of 47886 and 12.
6
What is the greatest common factor of 2563209 and 1122?
561
What is the highest common factor of 2247 and 2541?
21
Calculate the highest common factor of 682 and 83824.
62
What is the greatest common factor of 19 and 2697183?
19
What is the highest common factor of 1536 and 56?
8
What is the greatest common divisor of 428 and 95230?
214
What is the highest common factor of 765870 and 210?
210
Calculate the highest common divisor of 819588 and 1848.
924
Calculate the highest common factor of 350 and 4725.
175
What is the greatest common factor of 36465 and 1950?
195
Calculate the highest common divisor of 9313 and 73948.
139
What is the highest common factor of 783486 and 66?
66
Calculate the greatest common divisor of 3744 and 576.
288
What is the greatest common factor of 2105171 and 305?
61
What is the highest common divisor of 1295 and 11480?
35
Calculate the highest common factor of 100717 and 69.
23
Calculate the highest common factor of 6854 and 3874.
298
Calculate the highest common divisor of 70052 and 830.
166
What is the highest common divisor of 78848 and 275?
11
What is the greatest common factor of 545207 and 66609?
2467
What is the highest common factor of 78407 and 14?
7
Calculate the greatest common divisor of 77 and 1725493.
77
What is the highest common divisor of 2452 and 147733?
613
Calculate the highest common divisor of 240 and 34160.
80
Calculate the greatest common factor of 8762628 and 252.
84
What is the greatest common divisor of 55709 and 986?
493
Calculate the highest common divisor of 2988016 and 304.
304
Calculate the greatest common factor of 55788 and 324.
12
What is the highest common divisor of 602 and 32465?
43
Calculate the greatest common factor of 9275520 and 32.
32
Calculate the highest common factor of 184 and 1252.
4
Calculate the greatest common divisor of 13962 and 6318.
78
What is the highest common factor of 906 and 720572?
302
Calculate the highest common divisor of 7660 and 20.
20
Calculate the highest common divisor of 2292 and 24.
12
Calculate the highest common factor of 66 and 29536386.
66
Calculate the highest common factor of 53509 and 949.
73
Calculate the highest common divisor of 11413 and 56863.
101
Calculate the highest common divisor of 2856 and 2100.
84
What is the highest common divisor of 5102505 and 2682?
1341
Calculate the highest common divisor of 8424 and 1664.
104
Calculate the greatest common divisor of 403 and 1625.
13
Calculate the greatest common factor of 34692 and 784.
196
What is the greatest common factor of 50 and 4640?
10
Calculate the highest common divisor of 22175 and 100.
25
Calculate the greatest common divisor of 285963 and 597.
597
What is the greatest common divisor of 380 and 193192?
76
What is the greatest common factor of 1034693 and 11?
11
Calculate the greatest common divisor of 2669 and 16799.
157
Calculate the highest common divisor of 249 and 17513.
83
What is the highest common divisor of 238688 and 48?
16
What is the highest common divisor of 157092 and 24?
12
Calculate the greatest common divisor of 23 and 145176.
23
Calculate the greatest common divisor of 901 and 1696.
53
What is the greatest common factor of 348 and 14790?
174
What is the highest common factor of 35 and 3644375?
35
What is the highest common factor of 904 and 688?
8
What is the greatest common divisor of 614 and 32849?
307
What is the greatest common divisor of 1564 and 1751?
17
Calculate the greatest common divisor of 54522 and 13.
13
Calculate the highest common divisor of 1332200 and 200.
200
Calculate the greatest common factor of 15732 and 46.
46
Calculate the highest common divisor o